{"id":52,"date":"2026-01-21T21:09:50","date_gmt":"2026-01-21T21:09:50","guid":{"rendered":"https:\/\/sol147kr.com\/?page_id=52"},"modified":"2026-04-14T19:47:49","modified_gmt":"2026-04-14T19:47:49","slug":"productos","status":"publish","type":"page","link":"https:\/\/sol147kr.com\/index.php\/productos\/","title":{"rendered":"PRODUCTOS"},"content":{"rendered":"<div class=\"et_pb_section_0 et_pb_section et_section_regular et_flex_section\">\n<div class=\"et_pb_row_0 et_pb_row et_flex_row\">\n<div class=\"et_pb_column_0 et_pb_column et-last-child et_flex_column et_pb_css_mix_blend_mode_passthrough et_flex_column_24_24 et_flex_column_24_24_tablet et_flex_column_24_24_phone\">\n<div class=\"et_pb_text_0 et_pb_text et_pb_bg_layout_light et_clickable et_pb_module et_flex_module\"><div class=\"et_pb_text_inner\"><p><span style=\"color: #999999;\">ES<\/span> | <span style=\"color: #000000;\"><strong>EN<\/strong><\/span><\/p>\n<\/div><\/div>\n<\/div>\n<\/div>\n\n<div class=\"et_pb_row_1 et_pb_row et_flex_row\">\n<div class=\"et_pb_column_1 et_pb_column et-last-child et_flex_column et_pb_css_mix_blend_mode_passthrough et_flex_column_24_24 et_flex_column_24_24_tablet et_flex_column_24_24_phone\">\n<div class=\"et_pb_text_1 et_pb_text et_pb_bg_layout_light et_pb_module et_flex_module\"><div class=\"et_pb_text_inner\"><h1>PRODUCTOS<\/h1>\n<\/div><\/div>\n<\/div>\n<\/div>\n\n<div class=\"et_pb_row_2 et_pb_row et_pb_gutters1 et_block_row et_flex_column_8_24 et_flex_column_8_24_tablet\">\n<div class=\"et_pb_column_2 et_pb_column et_pb_column_1_2 et_flex_column et_pb_css_mix_blend_mode_passthrough\">\n<div class=\"et_pb_image_0 et_pb_image et_pb_module et_flex_module\"><a href=\"https:\/\/sol147kr.com\/index.php\/soothing-hydrating-sun-cream\/\"><span class=\"et_pb_image_wrap\"><img loading=\"lazy\" decoding=\"async\" src=\"https:\/\/sol147kr.com\/wp-content\/uploads\/2026\/04\/Home_Sun-Cream_Nuri.jpg\" width=\"1226\" height=\"1920\" srcset=\"https:\/\/sol147kr.com\/wp-content\/uploads\/2026\/04\/Home_Sun-Cream_Nuri.jpg 1226w, https:\/\/sol147kr.com\/wp-content\/uploads\/2026\/04\/Bottle-Sun-Cream_Nuri-480x954.jpg 480w\" sizes=\"(min-width: 0px) and (max-width: 480px) 480px, (min-width: 481px) 1226px, 100vw\" class=\"wp-image-1374 wp-image-1375\" title=\"Bottle-Sun-Cream_Nuri\" \/><\/span><\/a><\/div>\n<\/div>\n\n<div class=\"et_pb_column_3 et_pb_column et_pb_column_1_2 et-last-child et_flex_column et_pb_css_mix_blend_mode_passthrough\">\n<div class=\"et_pb_image_1 et_pb_image et_pb_module et_flex_module\"><a href=\"https:\/\/sol147kr.com\/index.php\/invisible-protection-sun-stick\/\"><span class=\"et_pb_image_wrap\"><img loading=\"lazy\" decoding=\"async\" src=\"https:\/\/sol147kr.com\/wp-content\/uploads\/2026\/04\/Home_Sun-Stick_Nuri.jpg\" width=\"1226\" height=\"1920\" srcset=\"https:\/\/sol147kr.com\/wp-content\/uploads\/2026\/04\/Home_Sun-Stick_Nuri.jpg 1226w, https:\/\/sol147kr.com\/wp-content\/uploads\/2026\/04\/Home_Sun-Stick_Nuri-980x1535.jpg 980w, https:\/\/sol147kr.com\/wp-content\/uploads\/2026\/04\/Home_Sun-Stick_Nuri-480x752.jpg 480w\" sizes=\"(min-width: 0px) and (max-width: 480px) 480px, (min-width: 481px) and (max-width: 980px) 980px, (min-width: 981px) 1226px, 100vw\" class=\"wp-image-1377 wp-image-1378\" title=\"Home_Sun-Stick_Nuri\" \/><\/span><\/a><\/div>\n<\/div>\n<\/div>\n\n\n\n<div class=\"et_pb_row_4 et_pb_row et_flex_row\">\n<div class=\"et_pb_column_7 et_pb_column et-last-child et_flex_column et_pb_css_mix_blend_mode_passthrough et_flex_column_24_24 et_flex_column_24_24_tablet et_flex_column_24_24_phone\">\n<div class=\"et_pb_text_2 et_pb_text et_pb_bg_layout_light et_pb_module et_flex_module\"><div class=\"et_pb_text_inner\"><p>SOL147 presenta una gama esencial y cuidadosamente<br \/><strong>formulada para la protecci\u00f3n solar diaria<\/strong>.<\/p>\n<p>Desarrollados <strong>en colaboraci\u00f3n con expertos en dermatolog\u00eda coreana<\/strong>,<br \/>nuestros productos combinan alta protecci\u00f3n frente a los rayos UV con<br \/>texturas ligeras y una experiencia de uso pensada para el d\u00eda a d\u00eda.<\/p>\n<p>Cada f\u00f3rmula prioriza el confort real:<br \/>sin efecto blanquecino, sin sensaci\u00f3n pegajosa y sin acabado graso.<\/p>\n<p>En SOL147 creemos en la formulaci\u00f3n consciente.<br \/>Cada producto responde a necesidades reales de la piel, incorporando <br \/>\u00fanicamente los activos necesarios, en concentraciones equilibradas y <br \/>sin a\u00f1adidos superfluos.<\/p>\n<\/div><\/div>\n\n<div class=\"et_pb_text_3 et_pb_text et_pb_bg_layout_light et_pb_module et_flex_module\"><div class=\"et_pb_text_inner\"><p><strong>Nuestra gama inicial:<\/strong><\/p>\n<\/div><\/div>\n<\/div>\n<\/div>\n\n<div class=\"et_pb_row_5 et_pb_row et_flex_row\">\n<div class=\"et_pb_column_8 et_pb_column et-last-child et_flex_column et_pb_css_mix_blend_mode_passthrough et_flex_column_24_24 et_flex_column_24_24_tablet et_flex_column_24_24_phone\">\n<div class=\"et_pb_divider_0 et_pb_divider et_pb_space et_pb_divider_position_top et_pb_module\"><div class=\"et_pb_divider_internal\"><\/div><\/div>\n<\/div>\n<\/div>\n\n<div class=\"et_pb_row_6 et_pb_row et_flex_row\">\n<div class=\"et_pb_column_9 et_pb_column et_flex_column et_pb_css_mix_blend_mode_passthrough et_flex_column_8_24 et_flex_column_8_24_tablet et_flex_column_24_24_phone\">\n<div class=\"et_pb_text_4 et_pb_text et_pb_bg_layout_light et_pb_module et_flex_module\"><div class=\"et_pb_text_inner\"><h2><strong>Crema Solar Calmante e Hidratante<\/strong><\/h2>\n<\/div><\/div>\n\n<div class=\"et_pb_text_5 et_pb_text et_pb_bg_layout_light et_pb_module et_flex_module\"><div class=\"et_pb_text_inner\"><p><span>SPF50 | PA++++ | UVA<\/span><\/p>\n<\/div><\/div>\n<\/div>\n\n<div class=\"et_pb_column_10 et_pb_column et_flex_column et_pb_css_mix_blend_mode_passthrough et_flex_column_8_24 et_flex_column_8_24_tablet et_flex_column_24_24_phone\">\n<div class=\"et_pb_text_6 et_pb_text et_pb_bg_layout_light et_pb_module et_flex_module\"><div class=\"et_pb_text_inner\"><h2><strong>S\u00e9rum Solar CC <br \/>Antiedad<\/strong><\/h2>\n<\/div><\/div>\n\n<div class=\"et_pb_text_7 et_pb_text et_pb_bg_layout_light et_pb_module et_flex_module\"><div class=\"et_pb_text_inner\"><p><span>SPF30 SPF30 | PA+++ | UVA<\/span><\/p>\n<\/div><\/div>\n<\/div>\n\n<div class=\"et_pb_column_11 et_pb_column et-last-child et_flex_column et_pb_css_mix_blend_mode_passthrough et_flex_column_8_24 et_flex_column_8_24_tablet et_flex_column_24_24_phone\">\n<div class=\"et_pb_text_8 et_pb_text et_pb_bg_layout_light et_pb_module et_flex_module\"><div class=\"et_pb_text_inner\"><h2><strong>Stick Solar de Protecci\u00f3n Invisible<\/strong><\/h2>\n<\/div><\/div>\n\n<div class=\"et_pb_text_9 et_pb_text et_pb_bg_layout_light et_pb_module et_flex_module\"><div class=\"et_pb_text_inner\"><p><span>SPF50+ | PA++++ | UVA<\/span><\/p>\n<\/div><\/div>\n<\/div>\n<\/div>\n\n<div class=\"et_pb_row_7 et_pb_row et_flex_row\">\n<div class=\"et_pb_column_12 et_pb_column et-last-child et_flex_column et_pb_css_mix_blend_mode_passthrough et_flex_column_24_24 et_flex_column_24_24_tablet et_flex_column_24_24_phone\">\n<div class=\"et_pb_divider_1 et_pb_divider et_pb_space et_pb_divider_position_top et_pb_module\"><div class=\"et_pb_divider_internal\"><\/div><\/div>\n<\/div>\n<\/div>\n\n<div class=\"et_pb_row_8 et_pb_row et_flex_row\">\n<div class=\"et_pb_column_13 et_pb_column et-last-child et_flex_column et_pb_css_mix_blend_mode_passthrough et_flex_column_24_24 et_flex_column_24_24_tablet et_flex_column_24_24_phone\">\n<div class=\"et_pb_text_10 et_pb_text et_pb_bg_layout_light et_pb_module et_flex_module\"><div class=\"et_pb_text_inner\"><p>Ingredientes clave como Green Tea Phyto PDRN, Vitamina E, el complejo<br \/>calmante Soothing Synergy, \u00c1cido Hialur\u00f3nico y P\u00e9ptidos contribuyen a <br \/>hidratar, reforzar y proteger la piel, favoreciendo una relaci\u00f3n saludable y <br \/>constante con el sol.<\/p>\n<\/div><\/div>\n<\/div>\n<\/div>\n<\/div>","protected":false},"excerpt":{"rendered":"","protected":false},"author":2,"featured_media":0,"parent":0,"menu_order":0,"comment_status":"closed","ping_status":"closed","template":"","meta":{"footnotes":""},"class_list":["post-52","page","type-page","status-publish","hentry"],"_links":{"self":[{"href":"https:\/\/sol147kr.com\/index.php\/wp-json\/wp\/v2\/pages\/52","targetHints":{"allow":["GET"]}}],"collection":[{"href":"https:\/\/sol147kr.com\/index.php\/wp-json\/wp\/v2\/pages"}],"about":[{"href":"https:\/\/sol147kr.com\/index.php\/wp-json\/wp\/v2\/types\/page"}],"author":[{"embeddable":true,"href":"https:\/\/sol147kr.com\/index.php\/wp-json\/wp\/v2\/users\/2"}],"replies":[{"embeddable":true,"href":"https:\/\/sol147kr.com\/index.php\/wp-json\/wp\/v2\/comments?post=52"}],"version-history":[{"count":66,"href":"https:\/\/sol147kr.com\/index.php\/wp-json\/wp\/v2\/pages\/52\/revisions"}],"predecessor-version":[{"id":1383,"href":"https:\/\/sol147kr.com\/index.php\/wp-json\/wp\/v2\/pages\/52\/revisions\/1383"}],"wp:attachment":[{"href":"https:\/\/sol147kr.com\/index.php\/wp-json\/wp\/v2\/media?parent=52"}],"curies":[{"name":"wp","href":"https:\/\/api.w.org\/{rel}","templated":true}]}}